t of m?
2
Let y(t) = -t. Let x(r) = -r**2 - 3*r + 6. Let d(f) = x(f) + 3*y(f). What is the units digit of d(-5)?
1
Let g(a) = -8*a**3 + 3*a**2 + 2*a + 1. What is the hundreds digit of g(-3)?
2
Suppose -4*n = 2*z - 16, -5*z + n - 3*n + 16 = 0. Suppose -l + 4*l - 55 = -4*q, -z*l = 2*q - 36. What is the units digit of l?
7
Let h = -87 - -147. Suppose -h = -0*s - 2*s. Suppose -2*z = -0*z - s. What is the units digit of z?
5
Let x(a) = -a**3 - 5*a**2 + 11*a + 2. What is the units digit of x(-7)?
3
Suppose 0 = -3*k - n + 452, 5*k + 8*n = 3*n + 750. Suppose 4*l + 5*w - 155 = 0, -23 = 4*l - 4*w - k. What is the tens digit of l?
3
Suppose 7*f - 275 = 404. What is the tens digit of f?
9
Suppose f = -0*f + 66. What is the tens digit of f?
6
Suppose c = -3*c + 12. Suppose 4*l = l + 3*g + c, 0 = -5*g - 25. Let p = -1 - l. What is the units digit of p?
3
Let p(j) = j - j**3 + 2*j**2 + 5*j**3 - 2*j. Let i(q) = -q**2 + 8*q + 10. Let y be i(9). What is the units digit of p(y)?
5
Suppose 3*x - 2*x + 18 = 5*y, -y + 3*x = -12. Suppose 4*q = -y*m - 0*m + 85, -q + 23 = -m. What is the tens digit of q?
2
Let h(x) = 8*x + 6. Let j be h(6). Let f = 142 + -67. Let v = f - j. What is the tens digit of v?
2
Suppose -5*r + 6*x + 5 = x, -2*r = -3*x. Suppose 4 = r*a - 11. Let y(u) = u**3 - 6*u**2 + 6*u + 3. What is the units digit of y(a)?
8
Let m(b) = -b**2 + 10*b - 12. Let v(l) = l - 4. Let f be v(4). Let s be (-7 - -3)*(f + -2). What is the units digit of m(s)?
4
Let v(j) = j - 3. Let p be v(5). Suppose -p*q + 15 = -q + 3*r, q + 4*r = 18. Let l(b) = -b**2 + 6*b + 4. What is the units digit of l(q)?
4
Let b(k) = k**3 + 1. Let d be b(-1). Suppose d = -r - 3*r + 36. What is the units digit of (-3)/(9/6) + r?
7
Suppose -3*s + 18 = -3*o, -4*o + 2*o = -3*s + 14. Suppose s*t + 16 = 100. What is the tens digit of t?
4
Suppose -v + 3*b = -34, -3*b = 8 + 4. Suppose u - v = 11. What is the units digit of u?
3
Let f(m) = -6*m - 3. What is the units digit of f(-2)?
9
Let o = 7 + -19. Let a be ((-33)/(-9) - 3)*o. What is the units digit of 243/12 - 6/a?
1
Suppose 3*k - 24 = -3*c, -5*c = -2*k - 6 - 6. Suppose 3*f = c*f - 15. Suppose 0 = z + 2*z + 2*d - 13, 3*d = f. What is the units digit of z?
1
Let u(j) = -20*j. Let k be 9/(-2)*(-32)/(-24). Let p be u(k). What is the tens digit of p/4*(-2)/(-4)?
1
Suppose -7*h = -5*h + 5*l - 232, -3*h = -2*l - 386. What is the tens digit of h?
2
Let g be 79 + (-6)/(-1 + 3). Suppose 0*r - 4 = -r, 4*d = 3*r + g. What is the units digit of d?
2
Let r = 4 - -49. What is the tens digit of r?
5
What is the tens digit of (-496)/(-13) - 2/13?
3
Let g = 708 - 465. What is the units digit of g?
3
Suppose -w - 4*x - 20 = -0*x, 0 = -3*w - x - 60. Suppose -r = -3 - 1. What is the tens digit of 16/w*(-50)/r?
1
Let j(d) = -20*d - 3. What is the units digit of j(-7)?
7
Let l(s) = 8*s - 4. Let g(h) = h**2 + 6*h - 1. Let c be g(-7). Let d be l(c). Suppose -4*q + d = -0. What is the tens digit of q?
1
Let d(f) = -13*f**3 + 2*f - 3. What is the units digit of d(-2)?
7
Let x = 83 + -56. What is the tens digit of x?
2
Let z = 8 + 1. Let u = 2 + z. What is the tens digit of u?
1
Let d = 11 + 72. What is the units digit of d?
3
Let a(r) = -r**2 - 7*r - 4. Suppose 6 = 6*h - 3*h. Let s = -3 - h. What is the units digit of a(s)?
6
Let v(x) = x**3 + 6*x**2 + 5*x - 2. Let s be v(-5). What is the tens digit of 16 - (-7)/(7/s)?
1
Let x(s) = -11*s - 1. Let p(h) = 21*h + 3. Let t(f) = 2*p(f) + 5*x(f). What is the tens digit of t(-1)?
1
Let y(a) = 4*a**2 - 18*a + 10. What is the units digit of y(5)?
0
Let v = 102 - 13. What is the units digit of v?
9
Let g be (-21)/(-4 + 1) + 1. What is the tens digit of 465/12 + 2/g?
3
Let g = 1 - 1. Suppose -4*m - 24 + 0 = g. What is the units digit of (0 - 2) + 14 + m?
6
Let j = 11 - 7. Suppose -5*s + 7*u = 3*u - 50, 4*u = s + 6. Let y = s - j. What is the tens digit of y?
1
Let t(u) = 12*u**2 + u - 1. Let v be t(-3). Suppose -4*a = -20, -4*z + v = -2*z + 4*a. What is the units digit of z/(9/3) - 2?
2
Let b be 7*(-2 - (-2)/(-2)). Let v = b + 31. What is the units digit of v?
0
What is the units digit of 1/(-2) + (-177)/(-6)?
9
Let u(k) = k - 16. Let n be u(11). Let c(p) = p**2 + 2*p - 6. What is the units digit of c(n)?
9
What is the units digit of 2154/24 - ((-3)/(-12))/(-1)?
0
Suppose 0 = 3*b - 6 + 18. What is the tens digit of 432/21 - b/(-7)?
2
Let r(p) = -p**3 - 3*p**2 + 4*p + 2. Let n be r(-4). Suppose -2*m + 34 = -3*d, -3*m - n*d - 18 = -4*m. What is the tens digit of m?
1
Let v be 2*34*(-4)/8. Let l = -18 - v. What is the tens digit of l?
1
Let w(i) be the second derivative of i**3/6 + 12*i**2 - 5*i. What is the tens digit of w(-10)?
1
Let i = -6 - -199. What is the units digit of i?
3
Suppose 5*l + 2 = j, -8 = 5*l - 5*j + 2. Suppose w + w - 3*y - 23 = l, -61 = -4*w + y. What is the tens digit of w?
1
Suppose 0 = -30*m + 22*m + 1168. What is the hundreds digit of m?
1
Let s(v) = -v**3 - 5*v**2 - 5*v + 1. Let w be s(-5). Suppose -2*t - p + w = p, -5*p - 20 = 0. What is the units digit of t?
7
Let g(i) be the third derivative of 0*i + 1/3*i**3 + 1/60*i**5 - 2*i**2 + 0 - 1/8*i**4. What is the units digit of g(4)?
6
Let m(w) = w**3 - 10*w**2 - 9*w - 16. Let d be m(11). Suppose -d*x + 30 = -3*x. What is the units digit of x?
0
Let w be (3/(-4))/((-7)/(-28)). Let r be (18/w)/(-1) - 1. What is the units digit of (-1 - -2)/(r/55)?
1
Suppose 9 = -0*r + 3*r. Let s(g) = -g**2 - 4*g - 3. Let b be s(-3). What is the units digit of (2 + r)*(b - -1)?
5
Let o = 1 + -10. Let h = 4 + o. What is the units digit of h*(1 - (-2 + 4))?
5
Let g be (-45)/(-18) + (-2)/(-4). What is the units digit of (-4)/12 - (-46)/g?
5
What is the hundreds digit of (-128)/(-6)*(-162)/(-18)?
1
What is the hundreds digit of 4/(-1 - -5) + 0 + 121?
1
Let f = -123 - -126. What is the units digit of f?
3
Let j = -5 + 8. Suppose -7 = 3*b + 4*h + 1, -6 = 4*b + j*h. Suppose b = -z + 3*z - 5*s - 24, -3*s = z + 10. What is the units digit of z?
2
Suppose 2*d + 2 = 0, -6*d + 52 = 5*a - 3*d. What is the units digit of a?
1
What is the tens digit of (-14 - -4)*6/(-3)?
2
Let m = 102 - 67. Let k = m - 7. What is the tens digit of k?
2
Let w(m) = m**3 - 6*m**2 - 7*m - 7. What is the units digit of w(8)?
5
Suppose 19*j - 20*j + 28 = 0. What is the tens digit of j?
2
Let k = -7 + 11. Let p = -10 - -13. Suppose 5*a - 5*l = -10, p*a - k*l + 8 = -3. What is the units digit of a?
3
Suppose 2*r = -5*q + 64, 0 = -q - 2 + 4. What is the units digit of r?
7
Let c(q) = q + 14. What is the tens digit of c(0)?
1
Let z be 4*1 - (-2 + -13). Let b(t) = -t**3 - 5*t**2 + 4*t - 1. Let i be b(-6). Let o = z - i. What is the units digit of o?
8
Let j = -271 + 413. What is the units digit of j?
2
Let v(r) = r**2 + 11*r - 7. Let h be v(-12). Suppose -h*k + 0*q + 4*q = -20, -16 = -4*k - 3*q. Suppose 0 = p - k*p + 6. What is the units digit of p?
2
Suppose -4 = q - 32. What is the units digit of q?
8
Let i(n) = -2*n**2 - 7*n + 12. Let p(r) = -r**2 - 4*r + 6. Let u(y) = 2*i(y) - 5*p(y). Let q be u(-7). What is the units digit of -2 + q + (-1 - -4)?
2
Let t(p) = -p**3 + 11*p**2 - 6*p - 22. What is the tens digit of t(9)?
8
Let p be (-33)/(-6) - 1/2. Suppose 5 = 4*z - 3*t - 4, 0 = 5*z + p*t - 20. What is the units digit of 8 - ((-2)/1 + z)?
7
Let z(l) = -2*l**3 + l**2 + l + 1. Let o be z(-1). Let t be (-3)/((-9)/12 - 0). Suppose 0 = o*r - 23 - t. What is the units digit of r?
9
Suppose -4*m + 4 = -g - 0*g, 4*g - 3*m = 10. What is the units digit of g?
4
Let a(f) = -10*f - 8. What is the tens digit of a(-16)?
5
Let g be (2/(-3))/((-9)/(-54)). What is the units digit of g/10 - 51/(-15)?
3
Let q(l) be the second derivative of 7*l**5/4 + l**4/12 + l**3/6 - l. What is the tens digit of q(1)?
3
Let d = -41 - -43. What is the units digit of d?
2
Let c = -11 - -4. What is the tens digit of (-49)/c*(-30)/(-7)?
3
Let j = -28 + 45. What is the units digit of j?
7
Suppose 4*g = -5*k + 20, 2*k - 2*g + 20 = 7*k. What is the units digit of k?
4
Let g(p) = -5*p**2 + 2*p + 3. Let q = -3 + 1. Let s be g(q). What is the units digit of (-10)/15*s/2?
7
Suppose -47 = -4*k - 143. What is the tens digit of ((-196)/6)/(16/k)?
4
Suppose 6*g - 15 = g. Suppose 5 = -5*x - 2*p, -g*x = 3*p + 12 - 0. Let w = x - 0. What is the units digit of w?
1
Sup